
9 + 0 - (-21 - -49 - 5)
-14
Evaluate (15 + 13 + -21 - 2) + -24.
-19
What is -28 - (-74 - -40 - -39)?
-33
-11 - -25 - (8 + -6 + -3 + 2)
13
21 - (37 + -21) - ((-4 - -2) + 3)
4
What is (-13 - -6) + 7 - 7 - -5?
-2
What is the value of (34 - (13 + 3 + -8)) + -9?
17
What is the value of 6 + (-11 - -12 - 8) + 6 + 4?
9
Evaluate 53 + -28 + 7 - 19.
13
What is -15 + (-15 + -3 - -26)?
-7
Calculate 19 + (15 - (40 - 16)) + 26.
36
Calculate 1 - -2 - (-8 + 17 + -13 + 10).
-3
Evaluate -10 - (8 - (23 + 2)).
7
Calculate (21 - 13) + -7 - 11.
-10
What is (3 - 8) + (8 - (22 + -13))?
-6
What is the value of -24 + (-8 - -17) + (-6 - -8)?
-13
What is the value of -39 - -50 - (-18 - -5 - -7)?
17
Evaluate -8 + (10 + -1 + 3 - -7) + -6.
5
Calculate -27 - -33 - (2 - (-2 - (-1 + 1))).
2
What is the value of 11 + 80 + -10 + -44?
37
What is 7 - (2 + -6 + -1 + 0 + 0)?
12
What is the value of 0 - -37 - (-12 + 15 + -9) - 9?
34
Evaluate -23 + -4 + 32 + 1.
6
2 - (-14 - -28) - -12
0
Calculate 46 + -47 + (-4 - -4 - -2) + -1.
0
What is the value of 0 - (9 + 2 + -3 + 2 + 2)?
-12
What is the value of (-11 - -9) + (2 - -17)?
17
1 + -4 - (-1 - -9 - (-5 + 11))
-5
Calculate 2 + -2 + (4 - 3) + -12 + -7.
-18
What is 3 - (4 + 2 - 9 - -10 - -2)?
-6
Evaluate -12 + 18 + -2 + 8.
12
Evaluate 61 + -40 + 1 + (-15 - 3).
4
Calculate 0 + -23 - (-548 - -505).
20
What is the value of 4 + -1 + -1 - -15 - (13 + -8)?
12
Evaluate 17 - 18 - (6 + -9 + -1 + 10).
-7
What is the value of 4 + (-18 - (5 + -29) - (18 - 0))?
-8
What is the value of -15 - (-2 + 11 + (-4 - 6))?
-14
Calculate -2 - 0 - (-23 - 13 - -55).
-21
What is -6 + (0 - 0) + -11 + 13?
-4
Calculate (-19 - -1) + (-1283 - -1320).
19
What is -6 + 14 + (-14 - -1) + (0 - 2)?
-7
Evaluate -1 + -23 - (1 - (32 - 23)).
-16
Calculate -2 - -11 - 39 - (-2 + 3).
-31
Calculate (48 - 56 - (2 + -1) - -8) + -13.
-14
-2 - -6 - (-14 + -1 + (-134 - -140))
13
What is -11 + 5 + -4 - 2?
-12
Calculate -7 - -9 - (-205 + 169).
38
What is the value of -5 + -7 - (-1 - (-7 + 1))?
-17
3 - 20 - (-27 + -8 - -30)
-12
Calculate 6 + 1 + -2 - (37 - 41) - 36.
-27
Calculate 5 + (-13 - -14 - (14 - 6)).
-2
Calculate 2 + 0 + -9 + (-10 - -8).
-9
Calculate ((14 - 25) + 16 - (2 - 1)) + -8.
-4
What is the value of -36 - ((-4 - 1) + 12 + -16 + 2)?
-29
Calculate 0 + 4 + 19 - 29.
-6
-5 - (-7 + 1 - (48 + -56))
-7
What is the value of -34 - (-36 + (20 - 15))?
-3
Calculate -9 + 43 + 3 + -33.
4
20 + 8 + -23 + -2 + -11
-8
Calculate -47 - (-39 - (13 + 4)).
9
Evaluate 18 + (-63 - -15) - 4.
-34
-56 + 51 - (-5 - -5 - -1)
-6
What is the value of 27 - (-17 + 8 - -19) - 6?
11
What is the value of (298 - 296) + (1 - 5)?
-2
34 + (0 - 13) + (141 - 137)
25
What is the value of 0 + -7 + -242 + 252?
3
What is 3 + (-10 + 3 - -15 - 30) + -5?
-24
What is the value of (6 - (-13 + (3 - -8))) + 6 + 0?
14
921 - 906 - (0 - 15)
30
Calculate -19 - -12 - -11 - 12.
-8
What is the value of -194 - -207 - (7 - (1 - (2 - 1)))?
6
What is the value of 3 + 10 + (-15 - (-7 + 3) - -6)?
8
-22 - (-9 - (3 + -2 + 3 + -6))
-15
Evaluate 9 + 2 + -13 + 12.
10
What is 9 + (-24 - (25 + -20 + -13))?
-7
Calculate -11 - (1 - 6 - (-3 + (4 - 1))).
-6
Calculate 9 + -11 + (-8 - 2) - 0.
-12
-12 + 4 - (100 + -94)
-14
What is -12 + -1 + -2 + (-10 - -12)?
-13
Calculate (-1 - -28) + -21 + -29.
-23
Evaluate -11 + 5 + (-39 - -16).
-29
Calculate (18 - -3) + 16 + -23.
14
-1139 - -1184 - (1 + 27)
17
What is 3 - (3 - (7 - 3) - (39 + -27))?
16
What is the value of (41 - 20 - 61) + 24?
-16
Calculate (19 - (16 - 11)) + 0 + -1 + 6.
19
Evaluate -4 + 7 + -16 - (-15 + -17).
19
Evaluate (17 - 29) + -6 + (-1 - 4).
-23
(36 - (61 - 34)) + -3 + 1
7
Evaluate -2 - -21 - 22 - -17.
14
What is -13 + (-31 - -24) + 4?
-16
What is 9 - (-17 + 7 + 28)?
-9
What is the value of -1 + 16 - (-221 - -222)?
14
What is (8 - -11) + -124 + 103?
-2
Calculate 12 + -15 - (1 - 3).
-1
Evaluate -338 + 331 + (0 - -9) + 1.
3
Evaluate 20 - ((-2 - -1) + (29 - (23 + 0))).
15
What is the value of 9 + -2 + 5 + -2 + -13?
-3
-3 + (-4 - -7 - 0) + 11
11
Calculate (-58 - 0) + -820 + 855.
-23
(-4 - -1) + 19 + 19 + -16
19
12 - (1 - -15 - (-1 + 8))
3
Calculate -7 + (-1 + 7 - 9) + 3 - -4.
-3
What is -7 + 1 - (-12 + -5 + 18) - -5?
-2
Calculate -9 - (-7 - -12) - -5 - (-2 - -1).
-8
Evaluate 35 - (9 - (3 - 7) - 6).
28
What is the value of 29 + -49 + 21 + (-16 - -1)?
-14
What is 1 - 18 - -19 - 37?
-35
Calculate -10 - (0 - (-8 - -1)) - (-9 - -2).
-10
Calculate 11 + (22 - 10) + 12 + -32.
3
What is -5 - (7 - ((-9 - -5) + 20))?
4
Evaluate -2 - -2 - (29 - (25 + -25)).
-29
What is 6 + (6 - 6) + -9 + (6 - 5)?
-2
Calculate 76 - 66 - (-1 + (0 - -1)).
10
What is the value of 3 - (-9 + 7) - (-89 - -60)?
34
-71 + 43 + -4 + (-2 + 8 - 2)
-28
What is the value of 8 + 7 + (7 + 8 - 12)?
18
Evaluate -12 - -2 - (245 + -239).
-16
What is 5 - (-8 + (-10 - -11) - -13)?
-1
13 + 26 + -8 + -18
13
What is -3 + -3 - ((-1 - 8) + 12 + -6)?
-3
Calculate -1 - 22 - (21 + (4 - 22)).
-26
Calculate 1 + (-10 + 1 - (-14 + 21 + -14)).
-1
What is the value of (2 + 0 - 2) + (3 - -14)?
17
What is the value of 2 + -5 + 9 + -18 + 5?
-7
Evaluate 0 + 1 + 6 + (-42 - -32) + 2.
-1
What is 85 + -105 + (-1 + (2 - -1) - 1)?
-19
Evaluate -5 + 0 + 2 - ((6 - 15) + -9).
15
Calculate (34 + -21 - 12) + (-14 - 0) - 4.
-17
Evaluate (2 - (1 - 5)) + -12.
-6
Calculate 1 + (-10 - -2) + (32 - 32).
-7
(11 - 2) + -18 + 11
2
Evaluate -24 - -12 - -18 - -1.
7
Calculate 0 + -46 + (136 - 118).
-28
What is the value of -4 + (37 - 32 - (-1 - 1) - 3)?
0
What is (1 - 6 - 3) + (-12 + 7 - -12)?
-1
What is 16 + -15 - 4 - (1 + -1)?
-3
Calculate (-49 - -18 - -3) + 22.
-6
16 - (6 - -3) - 5
2
What is (5 - (-30 + 21)) + (-20 - -7)?
1
What is 3 - (5 - (4 - 1) - 8 - -2)?
7
What is -2 + -11 - (-270 - -272)?
-15
What is (1 - 0) + -1 - (-4 + 3) - -8?
9
9 + (6 - (9 + -7 + 7))
6
6 + (18 - 9) - 15
0
What is -3 + 3 + 2 - (30 - 43)?
15
What is the value of 6 + -10 + (-2 - -2) + (-1 - -3)?
-2
Evaluate 33 - ((1 - -19) + -12).
25
-6 - (-12 - (-13 - -6))
-1
What is (2 - 2) + 5 + -16 - (2 + -2)?
-11
What is the value of (-10 - -12) + -3 + (1 - 7) - -8?
1
Calculate -22 - (11 + (20 - 58)).
5
What is (-24 - (9 - (11 + -1))) + 8 + -4?
-19
Calculate -11 - ((9 - 18) + 20 + 5).
-27
What is 6 - (-27 + 52 + -17)?
-2
What is -7 - ((-3 + 6 - -2 - 4) + -1)?
-7
Evaluate 3 + (-1 - (-5 - -5 - (-4 - 1))).
-3
(-31 - (7 + -27)) + 3
-8
Evaluate (93 - 98) + (-9 - (9 - -1)).
-24
What is (-8 - (-4 - 1 - 3)) + 12?
12
What is the value of 0 + 3 + (1 - (-6 - 3) - 12)?
1
What is the value of 8 - (-12 + 26) - -14 - 14?
-6
Evaluate 7 + -6 + -1 + 7 - -3 - -3.
13
Calculate 1 - (12 + -8 + 8).
-11
Calculate 1 + 2 - (30 + -47).
20
Calculate 9 - (9 + 3) - (-1 - 10).
8
Calculate -2 - -5 - (-3 + (-5 - -5) + 4).
2
What is the value of -13 + -6 + 10 + 21?
12
What is 1 + (58 - 16 - 50) + (42 - 1)?
34
What is (-3 - -5 - 5) + 11 + -1 - -16?
23
What is (-4 + -1 - (-13 + 8)) + 1 + -2?
-1
Evaluate 6 + 5 - (45 - 38).
4
5 - -14 - -25 - 29
15
Evaluate (-5 - -6) + -6 - (-2 - -7 - 7).
-3
What is (27 - 0) + -947 + 916?
-4
Evaluate 17 - (15 - (-1 + 6) - 8).
15
What is the value of -3 + (-1 - 3) - (-6 - -5 - -2)?
-8
Evaluate 41 - (31 + -21 - (-3 - (-5 - 3))).
36
Calculate -6 - (2 + 11 - 17) - 9.
-11
Evaluate -2 - (-6 + (-2 - -4)) - (-2 - -6).
-2
What is the value of -10 - (-1 - (21 - 21))?
-9
Calculate (5 - (-4 - (-6 - -6))) + -5 - 7.
-3
Evaluate 3 + -22 + 19 - (-12 - (0 + -3)).
9
Evaluate -3 + 2 + (-4 - (-8 + 16 - 7)).
-6
Evaluate -12 - ((11 - (47 + 5)) + 10).
19
Evaluate -15 + (12 - 6) + 4.
-5
Evaluate 4 - 12 - (-8 - -6).
-6
What is the value of -9 + 18 - (-10 + -5 - -9)?
15
Calculate -12 - ((-8 - 6) + 5).
-3
What is (-11 - (-17 + 3)) + 0?
3
What is -11 + (-7 - (-20 + (-2 - -9))) + 6?
1
2 + 1 + 1 + -4 + 7 + 6
13
What is the value of (1 - (24 + -31)) + (1 - 4) + -9?
-4
What is 17 + -40 + 13 + (-20 - -3)?
-27
What is the value of (9 - (15 - 4)) + (31 - 21)?
8
(-1 - 10) + (-7 - (-34 + 17))
-1
What is the value of (-9 - 16 - -18) + 23?
16
What is the value of (19 - 20) + (-5 - -8)?
2
Evaluate (-1 - -6) + -104 + 89.
-10
What is (23 - 11) + (-14 - -4)?
2
What is the value of 2 + 0 - 1 - (151 + -124)?
-26
Calculate (-4 + -1 - (-38 - -44)) + 1.
-10
What is the value of 27 + (15 - 4) + -26?
12
What is 6 + 14 + -12 + -20?
-12
What is the value of -3 - (3 - (8 - 6)) - -1?